{"id":1326,"date":"2026-05-11T11:37:32","date_gmt":"2026-05-11T11:37:32","guid":{"rendered":"https:\/\/tema.excelsinifi.com\/?post_type=product&#038;p=1326"},"modified":"2026-05-11T11:38:28","modified_gmt":"2026-05-11T11:38:28","slug":"gib-e-arsiv-fatura-pro-wordpress","status":"publish","type":"product","link":"https:\/\/tema.excelsinifi.com\/?product=gib-e-arsiv-fatura-pro-wordpress","title":{"rendered":"G\u0130B E-Ar\u015fiv Fatura PRO- WordPress"},"content":{"rendered":"<h3>G\u0130B E-Ar\u015fiv Fatura PRO- WordPress<\/h3>\n<p>WordPress ve WooCommerce altyap\u0131s\u0131na sahip i\u015fletmeler i\u00e7in geli\u015ftirilmi\u015f,\u00a0<b>resm\u00ee G\u0130B s\u00fcre\u00e7lerine tam uyumlu<\/b>, otomatik ve g\u00fcvenli bir e-Ar\u015fiv faturalama \u00e7\u00f6z\u00fcm\u00fcd\u00fcr.<\/p>\n<p>Eklenti; manuel i\u015flem gerektirmeden, sipari\u015f s\u00fcreci tamamland\u0131\u011f\u0131nda fatura olu\u015fturur,\u00a0<b>G\u0130B onay mekanizmas\u0131n\u0131 esas al\u0131r<\/b>\u00a0ve yaln\u0131zca\u00a0<b>resmen onaylanm\u0131\u015f faturalar<\/b>\u00a0\u00fczerinden mail g\u00f6nderimi yapar.<\/p>\n<h2 class=\"bbHeading\">G\u0130B Ba\u011flant\u0131 ve G\u00fcvenlik Yap\u0131s\u0131\u200b<\/h2>\n<ul>\n<li data-xf-list-type=\"ul\"><b>Kullan\u0131c\u0131 Kodu (VKN \/ TCKN) + \u015eifre<\/b>\u00a0ile do\u011frudan G\u0130B sistemine ba\u011flan\u0131r<\/li>\n<li data-xf-list-type=\"ul\">Her ba\u011flant\u0131 i\u00e7in\u00a0<b>G\u0130B\u2019den dinamik token<\/b>\u00a0al\u0131n\u0131r<\/li>\n<li data-xf-list-type=\"ul\">Her i\u015flem sonras\u0131nda\u00a0<b>otomatik ve g\u00fcvenli \u00e7\u0131k\u0131\u015f<\/b>\u00a0yap\u0131l\u0131r<\/li>\n<li data-xf-list-type=\"ul\">Oturum a\u00e7\u0131k b\u0131rak\u0131lmaz, yetkisiz eri\u015fim riski olu\u015fturmaz<\/li>\n<\/ul>\n<p>&nbsp;<\/p>\n<h2 class=\"bbHeading\"><a class=\"u-anchorTarget\" name=\"-otomatik-faturalama-sistemi\"><\/a><img loading=\"lazy\" decoding=\"async\" class=\"smilie smilie--emoji\" title=\"Vites    :gear:\" src=\"https:\/\/cdn.jsdelivr.net\/joypixels\/assets\/8.0\/png\/unicode\/64\/2699.png\" alt=\"\u2699\ufe0f\" width=\"33\" height=\"33\" data-shortname=\":gear:\" \/>\u00a0Otomatik Faturalama Sistemi\u200b<\/h2>\n<ul>\n<li data-xf-list-type=\"ul\">WooCommerce sipari\u015fi\u00a0<b>\u201cTamamland\u0131\u201d<\/b>\u00a0durumuna al\u0131nd\u0131\u011f\u0131nda:\n<ul>\n<li data-xf-list-type=\"ul\">Fatura otomatik olarak kesilir<\/li>\n<li data-xf-list-type=\"ul\">G\u0130B sistemine g\u00f6nderilir<\/li>\n<li data-xf-list-type=\"ul\"><\/li>\n<\/ul>\n<\/li>\n<li data-xf-list-type=\"ul\">Taslak faturalar\u00a0<b>mail ile g\u00f6nderilmez<\/b><\/li>\n<li data-xf-list-type=\"ul\"><b>SMS ile onaylanm\u0131\u015f (G\u0130B onayl\u0131) faturalar<\/b>\u00a0mail ile g\u00f6nderilir<\/li>\n<\/ul>\n<p>&nbsp;<\/p>\n<blockquote class=\"bbCodeBlock bbCodeBlock--expandable bbCodeBlock--quote js-expandWatch\" data-attributes=\"\" data-quote=\"\" data-source=\"\">\n<div class=\"bbCodeBlock-content\">\n<div class=\"bbCodeBlock-expandContent js-expandContent \">Bu yap\u0131 sayesinde, mevzuata ayk\u0131r\u0131 veya ge\u00e7ersiz fatura g\u00f6nderimi\u00a0<b>tamamen engellenir<\/b>.<\/div>\n<\/div>\n<\/blockquote>\n<p>&nbsp;<\/p>\n<h2 class=\"bbHeading\"><a class=\"u-anchorTarget\" name=\"-mail-gonderim-kurallari\"><\/a><img loading=\"lazy\" decoding=\"async\" class=\"smilie smilie--emoji\" title=\"E-mail    :e-mail:\" src=\"https:\/\/cdn.jsdelivr.net\/joypixels\/assets\/8.0\/png\/unicode\/64\/1f4e7.png\" alt=\"\ud83d\udce7\" width=\"37\" height=\"37\" data-shortname=\":e-mail:\" \/>\u00a0Mail G\u00f6nderim Kurallar\u0131\u200b<\/h2>\n<ul>\n<li data-xf-list-type=\"ul\"><img loading=\"lazy\" decoding=\"async\" class=\"smilie smilie--emoji\" title=\"\u00c7apraz i\u015fareti    :x:\" src=\"https:\/\/cdn.jsdelivr.net\/joypixels\/assets\/8.0\/png\/unicode\/64\/274c.png\" alt=\"\u274c\" width=\"29\" height=\"29\" data-shortname=\":x:\" \/>\u00a0Taslak fatura \u2192\u00a0<b>Mail g\u00f6nderilmez<\/b><\/li>\n<li data-xf-list-type=\"ul\"><img loading=\"lazy\" decoding=\"async\" class=\"smilie smilie--emoji\" title=\"B\u00fcy\u00fck beyaz onay i\u015fareti    :white_check_mark:\" src=\"https:\/\/cdn.jsdelivr.net\/joypixels\/assets\/8.0\/png\/unicode\/64\/2705.png\" alt=\"\u2705\" width=\"23\" height=\"23\" data-shortname=\":white_check_mark:\" \/>\u00a0G\u0130B SMS onayl\u0131 fatura \u2192\u00a0<b>Mail g\u00f6nderilir<\/b><\/li>\n<li data-xf-list-type=\"ul\">Mail g\u00f6nderimi yaln\u0131zca\u00a0<b>resm\u00ee onaydan sonra<\/b>\u00a0yap\u0131l\u0131r<\/li>\n<\/ul>\n<p>&nbsp;<\/p>\n<h2 class=\"bbHeading\"><a class=\"u-anchorTarget\" name=\"-kdv-ve-fiyat-hesaplama-mantigi\"><\/a><img loading=\"lazy\" decoding=\"async\" class=\"smilie smilie--emoji\" title=\"Para \u00e7antas\u0131    :moneybag:\" src=\"https:\/\/cdn.jsdelivr.net\/joypixels\/assets\/8.0\/png\/unicode\/64\/1f4b0.png\" alt=\"\ud83d\udcb0\" width=\"40\" height=\"40\" data-shortname=\":moneybag:\" \/>\u00a0KDV ve Fiyat Hesaplama Mant\u0131\u011f\u0131\u200b<\/h2>\n<ul>\n<li data-xf-list-type=\"ul\">KDV oran\u0131\u00a0<b>eklenti ayarlar\u0131ndan zorunlu olarak belirlenir<\/b><\/li>\n<li data-xf-list-type=\"ul\">WordPress veya WooCommerce KDV alan\u0131 bo\u015f olsa bile:\n<ul>\n<li data-xf-list-type=\"ul\">Eklenti\u00a0<b>KDV\u2019yi faturalamaya zorlar<\/b><\/li>\n<\/ul>\n<\/li>\n<li data-xf-list-type=\"ul\">\u00dcr\u00fcn fiyatlar\u0131\u00a0<b>KDV dahil<\/b>\u00a0kabul edilir\n<ul>\n<li data-xf-list-type=\"ul\">\u00d6rnek: 79 TL \u2192 Matrah otomatik olarak\u00a0<b>79 \/ 1.20<\/b>\u00a0\u015feklinde hesaplan\u0131r<\/li>\n<\/ul>\n<\/li>\n<li data-xf-list-type=\"ul\">WooCommerce vergi oran\u0131\u00a0<b>0<\/b>\u00a0g\u00f6nderse bile:\n<ul>\n<li data-xf-list-type=\"ul\">Eklenti do\u011fru matrah ve KDV hesab\u0131n\u0131\u00a0<b>kendisi yapar<\/b><\/li>\n<\/ul>\n<\/li>\n<\/ul>\n<p>&nbsp;<\/p>\n<h2 class=\"bbHeading\"><a class=\"u-anchorTarget\" name=\"-gib-faturalar-yonetimi\"><\/a><img loading=\"lazy\" decoding=\"async\" class=\"smilie smilie--emoji\" title=\"Dosya klas\u00f6r\u00fcn\u00fc a\u00e7    :open_file_folder:\" src=\"https:\/\/cdn.jsdelivr.net\/joypixels\/assets\/8.0\/png\/unicode\/64\/1f4c2.png\" alt=\"\ud83d\udcc2\" width=\"31\" height=\"31\" data-shortname=\":open_file_folder:\" \/>\u00a0G\u0130B Faturalar Y\u00f6netimi\u200b<\/h2>\n<ul>\n<li data-xf-list-type=\"ul\">Eklenti kuruldu\u011funda:\n<ul>\n<li data-xf-list-type=\"ul\">WordPress sol men\u00fcs\u00fcne otomatik olarak\u00a0<b>\u201cG\u0130B Faturalar\u201d<\/b>\u00a0men\u00fcs\u00fc eklenir<\/li>\n<\/ul>\n<\/li>\n<li data-xf-list-type=\"ul\">G\u0130B sisteminde SMS ile onaylanan faturalar:\n<ul>\n<li data-xf-list-type=\"ul\"><b>\u201cG\u0130B Senkronla\u201d<\/b>\u00a0butonu ile G\u0130B\u2019den \u00e7ekilir<\/li>\n<\/ul>\n<\/li>\n<li data-xf-list-type=\"ul\">Senkronlanan faturalar:\n<ul>\n<li data-xf-list-type=\"ul\">WordPress admin panelinde listelenir<\/li>\n<li data-xf-list-type=\"ul\">Sunucuda g\u00fcvenli \u015fekilde saklan\u0131r<\/li>\n<li data-xf-list-type=\"ul\">\u0130stenildi\u011fi zaman g\u00f6r\u00fcnt\u00fclenebilir<\/li>\n<\/ul>\n<\/li>\n<\/ul>\n<p>&nbsp;<\/p>\n<h2 class=\"bbHeading\"><a class=\"u-anchorTarget\" name=\"-toplu-tekil-fatura-gonderimi\"><\/a><img loading=\"lazy\" decoding=\"async\" class=\"smilie smilie--emoji\" title=\"Giden kutusu    :outbox_tray:\" src=\"https:\/\/cdn.jsdelivr.net\/joypixels\/assets\/8.0\/png\/unicode\/64\/1f4e4.png\" alt=\"\ud83d\udce4\" width=\"38\" height=\"38\" data-shortname=\":outbox_tray:\" \/>\u00a0Toplu &amp; Tekil Fatura G\u00f6nderimi\u200b<\/h2>\n<ul>\n<li data-xf-list-type=\"ul\">Senkronlanan faturalar:\n<ul>\n<li data-xf-list-type=\"ul\">Tekil olarak<\/li>\n<li data-xf-list-type=\"ul\">Veya toplu \u015fekilde<\/li>\n<\/ul>\n<\/li>\n<li data-xf-list-type=\"ul\">\u0130lgili m\u00fc\u015fterilere iste\u011fe ba\u011fl\u0131 olarak mail sistemi ile g\u00f6nderilebilir. Mail Bildirimleri i\u00e7in varsay\u0131lan WP mail ayarlar\u0131n\u0131z\u0131 otomatik olarak kullan\u0131r.<\/li>\n<\/ul>\n<p>&nbsp;<\/p>\n<h2 class=\"bbHeading\"><a class=\"u-anchorTarget\" name=\"-kararlilik-ve-surum-bilgisi\"><\/a><img loading=\"lazy\" decoding=\"async\" class=\"smilie smilie--emoji\" title=\"Kalkan    :shield:\" src=\"https:\/\/cdn.jsdelivr.net\/joypixels\/assets\/8.0\/png\/unicode\/64\/1f6e1.png\" alt=\"\ud83d\udee1\ufe0f\" width=\"35\" height=\"35\" data-shortname=\":shield:\" \/>\u00a0Kararl\u0131l\u0131k ve S\u00fcr\u00fcm Bilgisi\u200b<\/h2>\n<ul>\n<li data-xf-list-type=\"ul\">Eklenti\u00a0<b>kararl\u0131 (stable) s\u00fcr\u00fcmd\u00fcr<\/b><\/li>\n<li data-xf-list-type=\"ul\">Aktif kullan\u0131mda\u00a0<b>sorunsuz \u00e7al\u0131\u015fmaktad\u0131r<\/b><\/li>\n<li data-xf-list-type=\"ul\">Ticari kullan\u0131ma uygundur<\/li>\n<li data-xf-list-type=\"ul\">G\u00fcnl\u00fck operasyonlarda kesinti olu\u015fturmaz<\/li>\n<\/ul>\n<p>&nbsp;<\/p>\n<hr \/>\n<p>&nbsp;<\/p>\n<h2 class=\"bbHeading\"><a class=\"u-anchorTarget\" name=\"-lisanslama\"><\/a><img loading=\"lazy\" decoding=\"async\" class=\"smilie smilie--emoji\" title=\"\u0130\u015f \u00e7antas\u0131    :briefcase:\" src=\"https:\/\/cdn.jsdelivr.net\/joypixels\/assets\/8.0\/png\/unicode\/64\/1f4bc.png\" alt=\"\ud83d\udcbc\" width=\"45\" height=\"45\" data-shortname=\":briefcase:\" \/>\u00a0Lisanslama\u200b<\/h2>\n<ul>\n<li data-xf-list-type=\"ul\">Lisanslar\u00a0<b>tek seferliktir<\/b>, y\u0131ll\u0131k \u00f6deme yoktur.<\/li>\n<\/ul>\n","protected":false},"excerpt":{"rendered":"<p>G\u0130B E-Ar\u015fiv Fatura PRO- WordPress\u00a0 WordPress ve WooCommerce altyap\u0131s\u0131na sahip i\u015fletmeler i\u00e7in geli\u015ftirilmi\u015f, <b>resm\u00ee G\u0130B s\u00fcre\u00e7lerine tam uyumlu<\/b>, otomatik ve g\u00fcvenli bir e-Ar\u015fiv faturalama \u00e7\u00f6z\u00fcm\u00fcd\u00fcr.<\/p>\n","protected":false},"featured_media":1381,"comment_status":"open","ping_status":"closed","template":"","meta":[],"product_brand":[],"product_cat":[82],"product_tag":[125,126,127,128],"class_list":{"0":"post-1326","1":"product","2":"type-product","3":"status-publish","4":"has-post-thumbnail","6":"product_cat-dosyalar","7":"product_tag-e-arsiv","8":"product_tag-eklenti","9":"product_tag-fatura","10":"product_tag-wordpress","12":"first","13":"instock","14":"shipping-taxable","15":"purchasable","16":"product-type-simple"},"_links":{"self":[{"href":"https:\/\/tema.excelsinifi.com\/index.php?rest_route=\/wp\/v2\/product\/1326","targetHints":{"allow":["GET"]}}],"collection":[{"href":"https:\/\/tema.excelsinifi.com\/index.php?rest_route=\/wp\/v2\/product"}],"about":[{"href":"https:\/\/tema.excelsinifi.com\/index.php?rest_route=\/wp\/v2\/types\/product"}],"replies":[{"embeddable":true,"href":"https:\/\/tema.excelsinifi.com\/index.php?rest_route=%2Fwp%2Fv2%2Fcomments&post=1326"}],"version-history":[{"count":1,"href":"https:\/\/tema.excelsinifi.com\/index.php?rest_route=\/wp\/v2\/product\/1326\/revisions"}],"predecessor-version":[{"id":1382,"href":"https:\/\/tema.excelsinifi.com\/index.php?rest_route=\/wp\/v2\/product\/1326\/revisions\/1382"}],"wp:featuredmedia":[{"embeddable":true,"href":"https:\/\/tema.excelsinifi.com\/index.php?rest_route=\/wp\/v2\/media\/1381"}],"wp:attachment":[{"href":"https:\/\/tema.excelsinifi.com\/index.php?rest_route=%2Fwp%2Fv2%2Fmedia&parent=1326"}],"wp:term":[{"taxonomy":"product_brand","embeddable":true,"href":"https:\/\/tema.excelsinifi.com\/index.php?rest_route=%2Fwp%2Fv2%2Fproduct_brand&post=1326"},{"taxonomy":"product_cat","embeddable":true,"href":"https:\/\/tema.excelsinifi.com\/index.php?rest_route=%2Fwp%2Fv2%2Fproduct_cat&post=1326"},{"taxonomy":"product_tag","embeddable":true,"href":"https:\/\/tema.excelsinifi.com\/index.php?rest_route=%2Fwp%2Fv2%2Fproduct_tag&post=1326"}],"curies":[{"name":"wp","href":"https:\/\/api.w.org\/{rel}","templated":true}]}}